{"id":107,"date":"2022-10-17T07:27:30","date_gmt":"2022-10-17T06:27:30","guid":{"rendered":"http:\/\/bbforest.se\/?page_id=107"},"modified":"2024-09-24T15:06:13","modified_gmt":"2024-09-24T14:06:13","slug":"about","status":"publish","type":"page","link":"https:\/\/bbforest.se\/?page_id=107","title":{"rendered":"Om oss"},"content":{"rendered":"\n<div class=\"wp-block-uagb-container uagb-block-5b1dddaa alignfull uagb-is-root-container\"><div class=\"uagb-container-inner-blocks-wrap\">\n<div class=\"wp-block-uagb-advanced-heading uagb-block-78f2c918\"><h1 class=\"uagb-heading-text\">OM OSS<\/h1><\/div>\n<\/div><\/div>\n\n\n\n<div class=\"wp-block-uagb-container uagb-block-26142c35 alignfull uagb-is-root-container\">\n<div class=\"wp-block-uagb-container uagb-block-52ff0ff2\">\n<div class=\"wp-block-uagb-container uagb-block-c3e23743\">\n<div class=\"wp-block-uagb-container uagb-block-930168fb\">\n<div class=\"wp-block-uagb-info-box uagb-block-d50e4f81 uagb-infobox__content-wrap  uagb-infobox-icon-above-title uagb-infobox-image-valign-top\"><div class=\"uagb-ifb-content\"><div class=\"uagb-ifb-title-wrap\"><\/div><p class=\"uagb-ifb-desc\">Under m\u00e5nga \u00e5r har Svenska mark\u00e4gare inte f\u00e5tt tillr\u00e4ckligt betalt f\u00f6r sitt l\u00f6vtimmer. <br \/>Skogar har d\u00e4rf\u00f6r l\u00e4mnats obrukade och m\u00e5nga g\u00e5nger blivit avsatta som naturv\u00e5rd. Kunskapen om l\u00f6vskogsbruket har f\u00f6rsvunnit, men vi \u00e4r h\u00e4r f\u00f6r att \u00e4ndra p\u00e5 det.<br \/><br \/>Vi har jobbat med l\u00f6vskog i m\u00e5nga \u00e5r, b\u00e5de i Sverige och internationellt och byggt upp en stor kunskap runt l\u00f6vskogssk\u00f6tsel och ett stort internationellt n\u00e4tverk med s\u00e4ker avs\u00e4ttning.<br \/><br \/>Nu f\u00e5r mark\u00e4gare ett b\u00e4ttre netto f\u00f6r sin avverkning och ett h\u00f6gre v\u00e4rde p\u00e5 sin skog. Nu finns det incitament att sk\u00f6ta sin skog och f\u00e5 fram kvalitativa stockar och h\u00f6g tillv\u00e4xt. <br \/>Det gynnar alla!<br \/><br \/>H\u00f6r av er till oss s\u00e5 sprider vi v\u00e5ra kunskaper vidare och \u00f6kar v\u00e4rdet p\u00e5 din skog.<br \/><br \/>L\u00f6vskog \u00e4r v\u00e5r passion!<\/p><\/div><\/div>\n<\/div>\n<\/div>\n<\/div>\n<\/div>\n\n\n\n<div class=\"wp-block-uagb-separator uagb-block-683c79d4\"><div class=\"wp-block-uagb-separator__inner\" style=\"--my-background-image:\"><\/div><\/div>\n\n\n\n<div class=\"wp-block-uagb-container uagb-block-071eb608 alignfull uagb-is-root-container\"><div class=\"uagb-container-inner-blocks-wrap\">\n<div class=\"wp-block-uagb-container uagb-block-35280d69\">\n<div class=\"wp-block-uagb-container uagb-block-5ff9cee5\">\n<p><strong><\/strong><strong><a href=\"http:\/\/bbforest.se\/wp-content\/uploads\/2018\/09\/GDPR-Svenska.pdf\" target=\"_blank\" rel=\"noreferrer noopener\">GDPR Svenska<\/a><\/strong><\/p>\n\n\n\n<p><a rel=\"noreferrer noopener\" href=\"http:\/\/bbforest.se\/wp-content\/uploads\/2018\/09\/GDPR-English.pdf\" target=\"_blank\"><strong>GDPR English<\/strong><\/a><\/p>\n<\/div>\n<\/div>\n<\/div><\/div>\n\n\n\n<div class=\"wp-block-uagb-separator uagb-block-bae11fbc\"><div class=\"wp-block-uagb-separator__inner\" style=\"--my-background-image:\"><\/div><\/div>\n\n\n\n<div class=\"wp-block-uagb-container uag-hide-tab uag-hide-mob uagb-block-00963aa0 alignfull uagb-is-root-container\"><div class=\"uagb-container-inner-blocks-wrap\">\n<div class=\"wp-block-uagb-call-to-action uagb-block-00d57f2d wp-block-button\"><div class=\"uagb-cta__wrap\"><h2 class=\"uagb-cta__title\">KONTAKTA OSS<\/h2><p class=\"uagb-cta__desc\">Have any questions? We are always open to discussing your business, new projects, creative opportunities, and how we can help you.<\/p><\/div><div class=\"uagb-cta__buttons\"><a href=\"#\" class=\"uagb-cta__button-link-wrapper wp-block-button__link\" target=\"_self\" rel=\"noopener noreferrer\">KONTAKT<\/a><\/div><\/div>\n<\/div><\/div>\n\n\n\n<div class=\"wp-block-uagb-separator uagb-block-bcb39c19 uag-hide-tab uag-hide-mob\"><div class=\"wp-block-uagb-separator__inner\" style=\"--my-background-image:\"><\/div><\/div>\n","protected":false},"excerpt":{"rendered":"<p>OM OSS GDPR Svenska GDPR English<\/p>\n","protected":false},"author":1,"featured_media":0,"parent":0,"menu_order":0,"comment_status":"closed","ping_status":"closed","template":"","meta":{"_uag_custom_page_level_css":"","site-sidebar-layout":"default","site-content-layout":"default","ast-global-header-display":"","ast-banner-title-visibility":"","ast-main-header-display":"","ast-hfb-above-header-display":"","ast-hfb-below-header-display":"","ast-hfb-mobile-header-display":"","site-post-title":"disabled","ast-breadcrumbs-content":"","ast-featured-img":"","footer-sml-layout":"","theme-transparent-header-meta":"enabled","adv-header-id-meta":"","stick-header-meta":"","header-above-stick-meta":"","header-main-stick-meta":"","header-below-stick-meta":"","footnotes":""},"class_list":["post-107","page","type-page","status-publish","hentry"],"jetpack_sharing_enabled":true,"uagb_featured_image_src":{"full":false,"thumbnail":false,"medium":false,"medium_large":false,"large":false,"1536x1536":false,"2048x2048":false},"uagb_author_info":{"display_name":"andre.bergquist","author_link":"https:\/\/bbforest.se\/?author=1"},"uagb_comment_info":0,"uagb_excerpt":"OM OSS GDPR Svenska GDPR English","_links":{"self":[{"href":"https:\/\/bbforest.se\/index.php?rest_route=\/wp\/v2\/pages\/107"}],"collection":[{"href":"https:\/\/bbforest.se\/index.php?rest_route=\/wp\/v2\/pages"}],"about":[{"href":"https:\/\/bbforest.se\/index.php?rest_route=\/wp\/v2\/types\/page"}],"author":[{"embeddable":true,"href":"https:\/\/bbforest.se\/index.php?rest_route=\/wp\/v2\/users\/1"}],"replies":[{"embeddable":true,"href":"https:\/\/bbforest.se\/index.php?rest_route=%2Fwp%2Fv2%2Fcomments&post=107"}],"version-history":[{"count":23,"href":"https:\/\/bbforest.se\/index.php?rest_route=\/wp\/v2\/pages\/107\/revisions"}],"predecessor-version":[{"id":1972,"href":"https:\/\/bbforest.se\/index.php?rest_route=\/wp\/v2\/pages\/107\/revisions\/1972"}],"wp:attachment":[{"href":"https:\/\/bbforest.se\/index.php?rest_route=%2Fwp%2Fv2%2Fmedia&parent=107"}],"curies":[{"name":"wp","href":"https:\/\/api.w.org\/{rel}","templated":true}]}}